ber?
True
Is 20899760257 a composite number?
False
Is 24635626391 prime?
True
Is 3082790669 composite?
True
Is 9120599509 composite?
True
Is 20934172937 composite?
False
Is 2907317597 a composite number?
True
Is 6991201687 prime?
False
Is 183929093 composite?
False
Is 2322173563 a prime number?
True
Is 4628178389 prime?
True
Is 349933543 prime?
False
Is 1860579463 a composite number?
False
Is 637759313 composite?
False
Is 313514401 composite?
True
Is 16277782951 a prime number?
True
Is 38485210259 a prime number?
True
Is 13566298723 prime?
False
Is 792457597 composite?
False
Is 5139359023 a prime number?
False
Is 2429675329 prime?
True
Is 176158553 prime?
False
Is 892802363 composite?
False
Is 13392276803 a composite number?
False
Is 5841502013 a prime number?
False
Is 28777193503 composite?
True
Is 2326923163 prime?
True
Is 4216995931 composite?
True
Is 2719637021 a prime number?
True
Is 33389607001 a composite number?
False
Is 6696702641 composite?
False
Is 3773801327 a prime number?
True
Is 906326399 prime?
False
Is 1303312333 a prime number?
False
Is 3396289517 a composite number?
False
Is 3752438329 a prime number?
False
Is 332205527 a composite number?
True
Is 28269474053 composite?
False
Is 10979423387 composite?
True
Is 15113729107 a prime number?
False
Is 13331606831 a composite number?
False
Is 233502161 a prime number?
False
Is 16184057 a composite number?
False
Is 5782795561 prime?
True
Is 8989994161 a prime number?
True
Is 578424229 a composite number?
True
Is 216841076209 a prime number?
True
Is 33185157833 a composite number?
False
Is 3836795503 prime?
False
Is 7109934826 prime?
False
Is 2968078181 composite?
True
Is 929057971 a composite number?
False
Is 2028580549 a prime number?
True
Is 1052927087 prime?
False
Is 8207385595 composite?
True
Is 59446441 a prime number?
True
Is 53116579811 a composite number?
False
Is 13201311329 composite?
False
Is 2569055243 a composite number?
True
Is 17995410073 a prime number?
True
Is 3709005061 a composite number?
False
Is 17809641671 prime?
True
Is 240708779 a composite number?
False
Is 3396468599 composite?
True
Is 52825729 a composite number?
True
Is 158463311 composite?
True
Is 779366033 a composite number?
False
Is 126133994059 a prime number?
False
Is 1690994594 a prime number?
False
Is 158817937 a composite number?
True
Is 159217881 prime?
False
Is 21221753171 a composite number?
False
Is 15887542133 prime?
True
Is 104253946883 prime?
False
Is 838622263 a prime number?
True
Is 817905859 composite?
False
Is 550611778 composite?
True
Is 924377237 a composite number?
True
Is 1316852401 a prime number?
True
Is 5634174473 composite?
False
Is 46995382169 a prime number?
True
Is 9094762483 a prime number?
True
Is 17471840237 a prime number?
False
Is 47390622827 a composite number?
True
Is 882852851 composite?
True
Is 341380349 prime?
False
Is 1974828301 composite?
True
Is 3402136711 a prime number?
False
Is 22011751459 prime?
True
Is 173732863 composite?
False
Is 1062245251 composite?
True
Is 10574954167 a prime number?
False
Is 1984629677 composite?
True
Is 7752388249 a composite number?
True
Is 30126066209 prime?
False
Is 10412023231 prime?
False
Is 272066021 a prime number?
False
Is 7200350497 a composite number?
False
Is 122482456051 composite?
False
Is 2387248609 prime?
True
Is 14874093743 a prime number?
True
Is 8343161287 a prime number?
True
Is 1568434837 composite?
True
Is 8491140071 a prime number?
False
Is 1576018403 composite?
True
Is 194549009 prime?
False
Is 1400067457 composite?
True
Is 270302205373 a composite number?
False
Is 1005174899 prime?
True
Is 17319037 a prime number?
False
Is 3521921969 a composite number?
False
Is 7833259279 a prime number?
False
Is 269721737 composite?
True
Is 1002832247 a prime number?
False
Is 10984602473 a composite number?
True
Is 5753772491 prime?
True
Is 44638388677 a prime number?
False
Is 10324286683 a prime number?
True
Is 6251862143 a composite number?
False
Is 910859783 prime?
False
Is 1248845581 a prime number?
True
Is 26561891311 prime?
True
Is 16636651219 composite?
True
Is 348376313 a composite number?
False
Is 422562827 a composite number?
True
Is 12725946349 a composite number?
False
Is 235274461 a prime number?
True
Is 9017593577 a composite number?
True
Is 438992069 a prime number?
True
Is 763347427 a prime number?
False
Is 1441165885 composite?
True
Is 4390942901 a prime number?
True
Is 4255324961 prime?
False
Is 49871154271 a prime number?
True
Is 1724738233 a prime number?
True
Is 438438773 prime?
True
Is 139656373663 prime?
False
Is 69808911433 a prime number?
True
Is 182541269 a composite number?
True
Is 87790633361 a prime number?
False
Is 7114739 composite?
True
Is 1155960193 composite?
False
Is 4903058261 prime?
True
Is 7221846081 a composite number?
True
Is 26599603685 a composite number?
True
Is 2012810413 composite?
True
Is 35242326271 a prime number?
True
Is 197124099947 a composite number?
True
Is 118112799587 a composite number?
False
Is 268503031 prime?
False
Is 852214333 a composite number?
False
Is 126131643115 composite?
True
Is 53200311197 composite?
True
Is 9631554473 a composite number?
False
Is 220609369 prime?
False
Is 15725777539 composite?
True
Is 107873573 a composite number?
True
Is 41971151891 a composite number?
False
Is 2865348131 a composite number?
False
Is 8462846543 composite?
True
Is 1842832511 prime?
False
Is 18940494857 prime?
False
Is 2162351353 a prime number?
False
Is 210431352227 prime?
True
Is 2285239963 a composite number?
True
Is 201857594 a composite number?
True
Is 1522379366 composite?
True
Is 1757136023 prime?
True
Is 75972277733 a composite number?
True
Is 1459302683 a composite number?
False
Is 27407397247 a prime number?
True
Is 865887433 prime?
False
Is 6399444409 prime?
False
Is 2678595545 a prime number?
False
Is 7726432609 a prime number?
False
Is 17731862693 composite?
True
Is 71506807153 composite?
True
Is 1693329031 composite?
False
Is 94122361 a composite number?
False
Is 10152814969 composite?
True
Is 24962732803 prime?
False
Is 6395788819 prime?
False
Is 586734481 prime?
False
Is 8556676369 prime?
True
Is 49170164609 prime?
False
Is 13075515553 prime?
False
Is 89713033 a prime number?
False
Is 1287275161 a composite number?
True
Is 2668191511 prime?
True
Is 61737251903 composite?
False
Is 24714801949 prime?
True
Is 653797081 prime?
False
Is 124240153 a composite number?
True
Is 3086987009 a composite number?
False
Is 4770673 a composite number?
True
Is 86111392211 composite?
True
Is 3874279951 a prime number?
True
Is 61219769003 prime?
True
Is 41753203013 prime?
False
Is 5543358893 prime?
True
Is 638386043 a prime number?
True
Is 4334342743 composite?
False
Is 17394618443 composite?
True
Is 1064814251 a prime number?
True
Is 27299794987 composite?
False
Is 2878583861 composite?
False
Is 8058853029 a composite number?
True
Is 11817192151 prime?
False
Is 878475109 a composite number?
True
Is 1701503101 a prime number?
False
Is 580811167 a composite number?
False
Is 3288627649 composite?
False
Is 13997347151 prime?
False
Is 1430226979 composite?
True
Is 11664862607 composite?
False
Is 1633397 a composite number?
True
Is 37207109491 composite?
True
Is 3813835441 a composite number?
True
Is 44016491 prime?
False
Is 9784548439 a composite number?
False
Is 6675952249 prime?
True
Is 34091302331 composite?
True
Is 473897051 prime?
True
Is 5449418309 a composite number?
False
Is 31063547143 composite?
True
Is 69768315611 composite?
True
Is 6225097939 composite?
True
Is 90213447157 prime?
True
Is 37794971177 composite?
False
Is 96300527 a composite number?
False
Is 31457614247 composite?
False
Is 958562593 composite?
False
Is 5134219997 a composite number?
True
Is 5337540717 a composite number?
True
Is 1183095887 a composite number?
True
Is 5127843199 a prime number?
True
Is 973915501 prime?
False
Is 297487987 a composite number?
False
Is 111163465061 a prime number?
False
Is 19751031977 a prime number?
False
Is 5286510223 composite?
True
Is 64508074271 a composite number?
False
Is 90237209 a composite number?
False
Is 17076448723 composite?
True
Is 2752443269 prime?
True
Is 4214440123 a prime number?
True
Is 1067701183 a composite number?
False
Is 919621447 a composite nu